the highest common divisor of 1653 and 3567?
87
What is the greatest common divisor of 1288 and 805?
161
Calculate the highest common factor of 344 and 8.
8
Calculate the highest common divisor of 28 and 36.
4
What is the highest common factor of 44 and 5324?
44
What is the greatest common divisor of 1736 and 56?
56
Calculate the greatest common divisor of 33 and 209.
11
What is the greatest common factor of 2 and 344?
2
What is the highest common factor of 247 and 57?
19
What is the greatest common divisor of 6 and 200?
2
What is the greatest common divisor of 3294 and 54?
54
What is the highest common factor of 216 and 162?
54
What is the highest common factor of 215 and 86?
43
Calculate the greatest common divisor of 608 and 1159.
19
What is the highest common factor of 31 and 8773?
31
Calculate the greatest common divisor of 41 and 1.
1
Calculate the highest common factor of 1375 and 11.
11
Calculate the highest common factor of 392 and 89768.
392
What is the greatest common divisor of 54 and 864?
54
What is the highest common divisor of 4433 and 1287?
143
What is the highest common divisor of 282 and 6?
6
Calculate the greatest common factor of 485 and 194.
97
Calculate the highest common divisor of 7764 and 4.
4
What is the highest common divisor of 48448 and 64?
64
What is the highest common divisor of 112 and 280?
56
What is the greatest common factor of 28 and 35?
7
Calculate the highest common factor of 57 and 95.
19
Calculate the greatest common factor of 9315 and 230.
115
What is the greatest common divisor of 97 and 49?
1
Calculate the highest common divisor of 2054 and 169.
13
What is the greatest common divisor of 1157 and 13?
13
Calculate the greatest common factor of 55 and 440.
55
What is the greatest common divisor of 984 and 72?
24
What is the highest common factor of 138 and 460?
46
What is the greatest common factor of 924 and 84?
84
What is the greatest common divisor of 146 and 12?
2
Calculate the highest common divisor of 20 and 45.
5
Calculate the greatest common factor of 20 and 710.
10
What is the highest common factor of 399 and 19?
19
What is the highest common divisor of 3 and 54?
3
What is the highest common divisor of 22 and 242?
22
Calculate the greatest common divisor of 15 and 27.
3
Calculate the greatest common divisor of 57318 and 246.
246
What is the greatest common divisor of 234 and 1742?
26
Calculate the highest common factor of 6 and 339.
3
What is the greatest common divisor of 136 and 221?
17
What is the highest common factor of 1287 and 36?
9
What is the highest common divisor of 58 and 4234?
58
What is the highest common factor of 138 and 13317?
69
Calculate the greatest common factor of 651 and 21.
21
Calculate the greatest common divisor of 186 and 868.
62
What is the highest common factor of 13 and 3679?
13
What is the highest common divisor of 93174 and 318?
318
What is the highest common factor of 10 and 6700?
10
What is the greatest common factor of 42 and 27699?
21
What is the greatest common divisor of 177 and 59?
59
Calculate the greatest common divisor of 118 and 767.
59
What is the highest common divisor of 16 and 1?
1
What is the greatest common factor of 40458 and 22?
22
What is the highest common factor of 83 and 664?
83
What is the highest common divisor of 429 and 78?
39
Calculate the greatest common divisor of 3 and 939.
3
Calculate the greatest common divisor of 590 and 15.
5
Calculate the greatest common factor of 7254 and 31.
31
Calculate the highest common divisor of 426 and 48.
6
What is the highest common factor of 686 and 42?
14
Calculate the greatest common divisor of 16 and 4016.
16
What is the highest common divisor of 5 and 95?
5
Calculate the greatest common factor of 1 and 827.
1
What is the highest common factor of 24037 and 13?
13
Calculate the highest common divisor of 290 and 1972.
58
What is the highest common divisor of 22 and 11?
11
Calculate the greatest common factor of 114 and 285.
57
What is the highest common divisor of 15957 and 81?
81
What is the highest common divisor of 57 and 779?
19
What is the greatest common divisor of 992 and 32?
32
What is the greatest common factor of 52 and 1950?
26
What is the highest common factor of 269 and 807?
269
What is the greatest common divisor of 7 and 1267?
7
Calculate the highest common factor of 34 and 1445.
17
Calculate the greatest common factor of 5 and 138.
1
What is the highest common divisor of 756 and 420?
84
Calculate the greatest common divisor of 342 and 126.
18
What is the greatest common divisor of 81 and 99?
9
What is the highest common divisor of 4 and 108?
4
Calculate the highest common divisor of 62 and 3379.
31
Calculate the highest common divisor of 44 and 112.
4
Calculate the highest common divisor of 13 and 13.
13
Calculate the greatest common factor of 5530 and 30.
10
Calculate the greatest common factor of 60 and 315.
15
Calculate the highest common factor of 204 and 11118.
102
What is the highest common divisor of 7543 and 190?
19
What is the greatest common factor of 3 and 213?
3
Calculate the highest common factor of 55 and 8657.
11
What is the greatest common divisor of 12 and 318?
6
Calculate the highest common divisor of 2 and 50.
2
Calculate the highest common factor of 1961 and 74.
37
What is the greatest common divisor of 17 and 1003?
17
Calculate the greatest common divisor of 2 and 2.
2
Calculate the highest common divisor of 3 and 6.
3
Calculate the greatest common divisor of 1495 and 65.
65
What is the highest common factor of 86 and 1075?
43
Calculate the greatest common divisor of 272 and 3400.
136
Calculate the greatest common factor of 1739 and 148.
37
Calculate the highest common factor of 126 and 1701.
63
Calculate the highest common divisor of 13 and 1131.
13
Calculate the greatest common divisor of 4 and 892.
4
What is the highest common factor of 583 and 11?
11
Calculate the greatest common divisor of 251 and 6777.
251
What is the greatest common divisor of 7 and 111?
1
What is the greatest common factor of 72 and 3540?
12
Calculate the greatest common factor of 14 and 106.
2
Calculate the greatest common divisor of 210 and 87780.
210
What is the highest common factor of 338 and 598?
26
What is the highest common factor of 103 and 1957?
103
Calculate the greatest common factor of 10 and 13070.
10
Calculate the highest common divisor of 1875 and 15.
15
What is the highest common divisor of 10656 and 27?
9
What is the highest common divisor of 2457 and 52?
13
What is the highest common divisor of 3004 and 16?
4
Calculate the highest common factor of 3753 and 54.
27
What is the greatest common factor of 48 and 27264?
48
What is the greatest common divisor of 134 and 5695?
67
What is the highest common factor of 1464 and 48?
24
Calculate the highest common divisor of 2255 and 1312.
41
Calculate the highest common divisor of 8 and 40.
8
What is the greatest common factor of 52875 and 450?
225
What is the greatest common divisor of 30 and 6504?
6
What is the highest common divisor of 459 and 714?
51
What is the greatest common divisor of 4630 and 80?
10
Calculate the greatest common divisor of 56 and 1512.
56
Calculate the greatest common factor of 162 and 18.
18
What is the greatest common divisor of 20 and 5470?
10
Calculate the greatest common factor of 37 and 111.
37
Calculate the greatest common divisor of 41 and 1.
1
What is the highest common factor of 69 and 84?
3
Calculate the greatest common divisor of 63 and 14427.
63
What is the highest common divisor of 6 and 2?
2
What is the greatest common factor of 53 and 1961?
53
Calculate the highest common factor of 299 and 39.
13
Calculate the greatest common factor of 80 and 60.
20
Calculate the highest common factor of 360 and 5.
5
Calculate the highest common divisor of 137 and 1.
1
Calculate the highest common factor of 32 and 10.
2
What is the greatest common divisor of 1225 and 4375?
175
Calculate the highest common divisor of 4 and 344.
4
Calculate the greatest common factor of 24 and 162.
6
What is the greatest common divisor of 915 and 90?
15
Calculate the highest common divisor of 18 and 2232.
18
What is the greatest common factor of 1807 and 556?
139
Calculate the greatest common divisor of 34 and 5882.
34
W